factor of 652064?
True
Does 9 divide 735435?
True
Does 13 divide 5147441?
True
Does 337 divide 996658?
False
Is 63329 a multiple of 138?
False
Is 208905 a multiple of 33?
False
Is 28 a factor of 23644251?
False
Does 30 divide 18956070?
True
Is 74 a factor of 8085017?
False
Is 285468 a multiple of 405?
False
Does 207 divide 104620?
False
Is 163 a factor of 1469999?
False
Does 73 divide 1194207?
True
Is 151 a factor of 261985?
True
Does 42 divide 208227?
False
Is 426 a factor of 280734?
True
Does 158 divide 1984521?
False
Is 45 a factor of 324008?
False
Does 496 divide 11393120?
True
Is 7000704 a multiple of 118?
True
Is 8 a factor of 6881780?
False
Does 926 divide 2252325?
False
Is 727634 a multiple of 184?
False
Is 32 a factor of 1900665?
False
Is 212 a factor of 3034528?
False
Is 288690 a multiple of 15?
True
Does 556 divide 3853080?
True
Does 2116 divide 2799923?
False
Is 10 a factor of 122561?
False
Is 2039643 a multiple of 148?
False
Is 1197982 a multiple of 262?
False
Does 399 divide 298053?
True
Is 224164 a multiple of 9?
False
Is 385 a factor of 1086417?
False
Does 31 divide 1123?
False
Is 12 a factor of 178428?
True
Is 171877 a multiple of 370?
False
Is 20 a factor of 4541260?
True
Is 9 a factor of 15809820?
False
Is 2096304 a multiple of 16?
True
Is 1190601 a multiple of 14?
False
Does 60 divide 1878240?
True
Is 14 a factor of 676027?
False
Does 47 divide 262326?
False
Does 45 divide 6604091?
False
Does 11 divide 756717?
False
Is 430377 a multiple of 56?
False
Is 38 a factor of 120576?
False
Is 21 a factor of 730401?
True
Does 18 divide 729819?
False
Is 2009013 a multiple of 127?
True
Is 4942996 a multiple of 26?
False
Is 5333544 a multiple of 7?
False
Is 4252408 a multiple of 78?
False
Does 4 divide 7333?
False
Is 141763 a multiple of 19?
False
Does 21 divide 14934?
False
Is 11 a factor of 134207?
False
Does 466 divide 1462774?
True
Is 47 a factor of 2402229?
False
Is 84361 a multiple of 29?
True
Is 10 a factor of 163880?
True
Is 84755 a multiple of 11?
True
Is 16 a factor of 58464?
True
Is 5 a factor of 12895?
True
Does 105 divide 894705?
True
Does 1081 divide 2222462?
False
Does 94 divide 202764?
False
Is 164 a factor of 139810?
False
Does 67 divide 1731414?
True
Is 3 a factor of 61608?
True
Is 142766 a multiple of 289?
True
Is 461 a factor of 375715?
True
Does 85 divide 494955?
True
Does 7 divide 175154?
True
Does 18 divide 24028198?
False
Is 481158 a multiple of 42?
False
Is 724176 a multiple of 12?
True
Is 11 a factor of 1912449?
True
Is 72 a factor of 1787184?
True
Does 295 divide 163430?
True
Does 69 divide 106950?
True
Is 7 a factor of 40692?
False
Is 118 a factor of 337133?
False
Does 516 divide 2698836?
False
Does 221 divide 81291?
False
Does 62 divide 703575?
False
Is 12600815 a multiple of 4?
False
Is 3206381 a multiple of 2?
False
Does 52 divide 4536844?
True
Does 11 divide 135212?
True
Does 64 divide 125504?
True
Does 59 divide 6797686?
False
Does 475 divide 762375?
True
Is 81 a factor of 166698?
True
Is 2 a factor of 98560?
True
Does 10 divide 1276831?
False
Does 5 divide 1046007?
False
Is 6020190 a multiple of 10?
True
Is 8584275 a multiple of 591?
True
Is 96039 a multiple of 312?
False
Is 73818 a multiple of 3?
True
Is 34 a factor of 949008?
True
Is 15 a factor of 25815?
True
Is 12 a factor of 8071404?
True
Is 1690535 a multiple of 11?
True
Does 46 divide 44875?
False
Is 8628219 a multiple of 433?
False
Is 198 a factor of 332244?
True
Is 140002 a multiple of 378?
False
Does 7 divide 2267776?
True
Is 191 a factor of 5534198?
False
Is 6 a factor of 1142034?
True
Is 2976204 a multiple of 1692?
False
Is 26 a factor of 286?
True
Is 21 a factor of 1619991?
False
Is 55 a factor of 326138?
False
Is 422846 a multiple of 113?
True
Does 292 divide 1420412?
False
Is 90282 a multiple of 6?
True
Is 153647 a multiple of 53?
True
Does 45 divide 23048010?
True
Does 7 divide 175371?
True
Is 101421 a multiple of 177?
True
Is 41 a factor of 170888?
True
Is 293 a factor of 1928598?
False
Is 165 a factor of 1083720?
True
Is 21 a factor of 317436?
True
Does 127 divide 164365?
False
Is 2185426 a multiple of 18?
False
Does 8 divide 1392458?
False
Is 82 a factor of 8210906?
True
Is 92886 a multiple of 8?
False
Is 2463456 a multiple of 5?
False
Is 84747 a multiple of 33?
False
Does 678 divide 167473?
False
Is 75650 a multiple of 50?
True
Does 86 divide 8682813?
False
Does 77 divide 346346?
True
Is 1001120 a multiple of 160?
True
Does 29 divide 1775119?
True
Is 38 a factor of 1051631?
False
Does 19 divide 2307043?
False
Is 30 a factor of 1149609?
False
Does 90 divide 170280?
True
Does 4 divide 207408?
True
Is 926042 a multiple of 7?
False
Is 247008 a multiple of 166?
True
Is 336729 a multiple of 329?
False
Is 247 a factor of 480772?
False
Is 45 a factor of 20694328?
False
Is 218534 a multiple of 614?
False
Does 43 divide 108294?
False
Does 4 divide 790040?
True
Is 403 a factor of 5963676?
False
Is 31548 a multiple of 24?
False
Is 121981 a multiple of 562?
False
Does 36 divide 2046960?
True
Is 130 a factor of 242320?
True
Is 19 a factor of 33174?
True
Is 2203275 a multiple of 617?
False
Is 19 a factor of 912130?
False
Is 102 a factor of 166770?
True
Does 21 divide 111780?
False
Is 72912 a multiple of 7?
True
Is 7889592 a multiple of 61?
False
Does 35 divide 1469872?
False
Does 452 divide 4855760?
False
Is 3306395 a multiple of 716?
False
Is 6 a factor of 6129174?
True
Does 4 divide 1543888?
True
Is 879 a factor of 19136506?
False
Does 78 divide 17227?
False
Is 2234088 a multiple of 20?
False
Does 109 divide 1135126?
True
Is 19175 a multiple of 5?
True
Does 15 divide 8749140?
True
Does 145 divide 242875?
True
Is 305 a multiple of 4?
False
Is 1344802 a multiple of 74?
True
Is 13 a factor of 15699767?
False
Is 1563 a factor of 16333350?
True
Is 125802 a multiple of 206?
False
Is 630423 a multiple of 543?
True
Is 215565 a multiple of 19?
False
Is 4956 a multiple of 12?
True
Is 143 a factor of 3328325?
True
Is 176 a factor of 96976?
True
Is 5266857 a multiple of 26?
False
Is 24135 a multiple of 349?
False
Is 286 a factor of 90948?
True
Is 3790278 a multiple of 86?
True
Does 12 divide 1429308?
True
Is 116 a factor of 116082?
False
Does 14 divide 3932451?
False
Does 67 divide 333054?
False
Does 11 divide 6613?
False
Is 9 a factor of 640665?
True
Does 9 divide 10620?
True
Does 55 divide 23705?
True
Does 155 divide 1338270?
True
Does 9 divide 56865?
False
Is 2624682 a multiple of 26?
False
Is 102513 a multiple of 44?
False
Does 4 divide 75296?
True
Is 7000 a multiple of 8?
True
Is 527507 a multiple of 31?
False
Is 5 a factor of 279817?
False
Does 102 divide 49674?
True
Is 75074 a multiple of 27?
False
Is 21 a factor of 1049682?
False
Is 10624727 a multiple of 318?
False
Is 847739 a multiple of 47?
True
Does 24 divide 342888?
True
Does 92 divide 9994788?
True
Is 5869250 a multiple of 125?
True
Is 49 a factor of 2559858?
True
Is 178 a factor of 2045186?
False
Is 273 a factor of 100536?
False
Is 74 a factor of 21797125?
False
Is 221687 a multiple of 2?
False
Is 3 a factor of 232532?
False
Does 9 divide 5099?
False
Does 748 divide 2789859?
False
Is 93838 a multiple of 93?
False
Is 227 a factor of 144598?
False
Is 147 a factor of 9797271?
False
Is 243 a factor of 121030?
False
Does 97 divide 151366?
False
Is 12 a factor of 549415?
False
Is 734998 a multiple of 65?
False
Is 16 a factor of 20275?
False
Is 447272 a multiple of 14?
True
Is 99 a factor of 20131353?
True
Is 111 a factor of 1495170?
True
Is 48 a factor of 30528?
True
Does 1879 divide 19209017?
True
Is 233585 a multiple of 31?
True
Does 574 divide 3302796?
True
Does 290 divide 74175?
False
Does 25 divide 4109350?
True
Is 1371680 a multiple of 40?
True
Is 400 a factor of 156335?
False
Is 39 a factor of 7355402?
False
Does 10 divide 182134?
False
Is 1748825 a multiple of 1580?
False
Is 269 a factor of 253974?
False
Is 617 a factor of 1141309?
False
Is 11812380 a multiple of 10?
True
Does 40 divide 2829720?
True
Is 268212 a multiple of 31?
True
Does 12 divide 21947566?
False
Does 249 divide 3091086?
True
Does 20 divide 505200?
True
Does 86 divide 4168162?
True
Is 15 a factor of 48155?
False
Is 51 a factor of 58701?
True
Does 4 divide 369395?
False
Is 13 a factor of 834132?
True
Does 244 divide 6392